*d - 30. Let h be f(-6). Let r = -3 + h. Calculate the remainder when r is divided by (0 - 8)/(-2 - -1).
7
Let q(o) = 5*o**2 - 2. Let n be q(-2). Suppose 7 = 3*x + 3*i - i, 0 = 5*x - 3*i - n. What is the remainder when 17 is divided by x?
2
Suppose -25*a + 15*a + 270 = 0. Calculate the remainder when a is divided by 11.
5
Let l(x) = -7*x + 10. Let b be l(6). Let k = b + 47. What is the remainder when k is divided by 9?
6
Let g = -145 - -155. Suppose -4*m - 9 = -5*c, 3*m - 6 = c + 1. Suppose -r + c - 1 = 0. What is the remainder when g is divided by r?
2
Let m = -15 + 36. Suppose 0*y = -y + m. Suppose -2025 + 1134 = -11*w. Calculate the remainder when w is divided by y.
18
Let g be 554/6 - (-12)/18. Suppose g = 2*o + 7. What is the remainder when 171 is divided by o?
42
Let c = 23 + -33. What is the remainder when 8/20 - 136/c is divided by 8?
6
Calculate the remainder when (-5 - (-162)/30) + 3316/10 is divided by 9.
8
Suppose -2*i + 5 = -1. Suppose 0 = -3*p + i - 15. Calculate the remainder when 3 is divided by 1/p - (-26)/8.
0
Suppose -k = -3*x + 10, 8 = -4*x - k + 26. Suppose -3*m - 15 = -0*n - 2*n, -28 = -5*n - 2*m. What is the remainder when n is divided by x?
2
What is the remainder when (-2)/31 + (-4470)/(-93) is divided by 7?
6
Let g(s) = 4*s**3 - 2*s**2 + s + 1. Let k be g(-1). Calculate the remainder when 3 is divided by k/9 - (-48)/18.
1
Suppose 1578 = 3*w + 5*c, -c = 20*w - 21*w + 534. Calculate the remainder when w is divided by 13.
11
Let j(o) = -2*o + 1. Let q be j(-2). Suppose 485 = q*y + 3*n, 2*n + 166 + 125 = 3*y. Calculate the remainder when y is divided by (9/(-3))/(-1) - (-44)/2.
22
Suppose 0 = -2*j + 8, 4*j + 9 = n + 4*n. Suppose -15 = -4*o + n. Calculate the remainder when 23 is divided by o.
3
Suppose -54 = -5*a - k, 0 = -11*a + 7*a - k + 44. Let i = 93 + -35. Calculate the remainder when i is divided by a.
8
Let b(r) = -r**3 - 26*r**2 + 112*r + 29. Calculate the remainder when b(-30) is divided by 55.
49
Let j(u) be the first derivative of 11*u**2/2 - 57*u + 2. Calculate the remainder when j(13) is divided by 23.
17
Let f(p) = 7*p - p**2 - 7 + 0*p**2 - 9 + 6. Let t be f(7). What is the remainder when (-2)/(-5) + (-46)/t is divided by 3?
2
Let x = -839 + 990. Calculate the remainder when x is divided by 14.
11
Let y = 901 + -629. Calculate the remainder when y is divided by 39.
38
Let o(s) = s**3 + 2*s**2 - 5*s + 4. Calculate the remainder when o(3) is divided by 4/(-14) + ((-2838)/21)/(-11).
10
Let i be (76/(-8))/(1/2). Let c = i + 26. Let z = c + 6. What is the remainder when 51 is divided by z?
12
Calculate the remainder when (2 - -428) + (2 - 1) is divided by 72.
71
Let o(i) = -i**3 - 9*i**2 - 9*i - 2. Let r be (5/3)/(9/27). Suppose 30 = r*l - 2*l. Calculate the remainder when l is divided by o(-8).
4
Suppose f + 3*y = 84 + 55, -3*y = -5*f + 731. Let r = f - 99. Calculate the remainder when r is divided by 12.
10
Let m = 214 + -130. Suppose m = 4*t + 3*t. Calculate the remainder when 5 - -17 - (-2 - -1) is divided by t.
11
Suppose -288 = 3*f - 7*f. What is the remainder when f is divided by ((-6)/(-12))/((-1)/100*-2)?
22
Suppose -290 = 8*s + 174. What is the remainder when (-12 - s)*1/2 is divided by 82/6 + 6/(-9)?
10
Let w = -106 + 240. What is the remainder when w is divided by 47?
40
Let f(k) = -14*k - 23. Suppose -4*j - 10 = -2*j, 5*v = 5*j. What is the remainder when 233 is divided by f(v)?
45
Let r be (-6)/4*(-8)/4. Suppose 138 = 4*g + 2*u, r*g - u = u + 107. Calculate the remainder when 174 is divided by g.
34
Calculate the remainder when 305 is divided by (510/50)/((-4)/(-20)).
50
Let k be (-9 + 0)/((-9)/30). Suppose 0 = 5*v + 3*t - 55 + 2, -2*v + k = -t. Calculate the remainder when v is divided by 8.
5
Let b = 60 - 35. Suppose 0 = 4*f + 2*y - 105 - 293, f = 4*y + 86. Calculate the remainder when f is divided by b.
23
Let q(p) = 53*p - 164*p + 54*p + 52*p. Let v(f) = -f**3 + 6*f**2 - f + 3. Let k be v(6). What is the remainder when 42 is divided by q(k)?
12
Suppose 0 = -a + 37 + 13. What is the remainder when a is divided by (1298/(-354))/(2/(-6))?
6
Let c(k) be the first derivative of -10*k - 11 - 1/3*k**3 - 11/2*k**2. Calculate the remainder when 55 is divided by c(-8).
13
Suppose z = 19 - 4. Suppose 14*i + 5 = z*i. Calculate the remainder when 2/4*(0 + 28) is divided by i.
4
Calculate the remainder when 1048 is divided by (10 - 4) + -14 - -58.
48
Let i(o) = -o**2 + 11*o + 34. Let b be i(10). Suppose -b = -4*m - 12. Calculate the remainder when 20 is divided by m.
4
Suppose -2*x + 3*n + 53 = 0, -x - n + 63 = 2*x. What is the remainder when x is divided by 12?
10
Let f(k) = -7*k**2 + 6*k**2 + 3*k**2 - 32*k + 38. What is the remainder when f(16) is divided by 21?
17
Suppose -5*p - 2 = -2*l + 71, -4*p = 3*l + 40. Let r = 20 + p. What is the remainder when r is divided by (1 + -6)/(-8 - -7)?
2
Suppose 11*z = 14*z - 225. What is the remainder when z is divided by 26?
23
Suppose 3 = -16*n + 83. Let q be (0 - -33)/(2/4). Suppose 0 = g + n*g - q. Calculate the remainder when 32 is divided by g.
10
Suppose -525 = 5*j - 1635. Suppose 6 = -9*o + j. Calculate the remainder when 93 is divided by o.
21
Let j = 9 + 13. What is the remainder when 62 is divided by j?
18
Let q be ((-33)/15 - -1)*1300/(-30). Let b = -36 + q. Calculate the remainder when b is divided by 3.
1
Let g(s) = -s**3 + 12*s**2 - 12*s + 19. Let v(j) = -j**3 + 4*j**2 + 2*j - 4. Let u be v(3). Calculate the remainder when 30 is divided by g(u).
6
Let j be (-6)/4*-2 - 0. Suppose j*b + 5*u = -0*b + 28, -2*b + 25 = -3*u. Let d(l) = -l**2 - 5*l + 42. Calculate the remainder when b is divided by d(-9).
5
Suppose k = -3*k + 24. Suppose 0 = -3*d + 6, -2*o + 4*d = -28 + k. What is the remainder when 148 is divided by o?
13
Suppose -2*r + 52 = -2*f, -2*f = -13*r + 8*r + 130. Calculate the remainder when 47 is divided by r.
21
Let n = 72 - 49. Let g(o) = -208*o + 5838. Calculate the remainder when n is divided by g(28).
9
Let c(v) = v + 6. Let r(i) = -i**2 + 6*i + 6. Let n be r(4). Suppose 3*g = g + 22. What is the remainder when c(n) is divided by g?
9
Let m(j) = 8*j - 14. Let l be m(5). Suppose 21 + l = g. What is the remainder when g is divided by 7?
5
Let z = 17 + -10. Let c = 443 + -430. Calculate the remainder when c is divided by z.
6
What is the remainder when 269 is divided by (-1 + 46)*(-4)/(2 + -6)?
44
Let i(g) = -g**3 - 15*g**2 - 13*g + 18. Let n be i(-14). Suppose 0 = -4*t - c + 207, -51 = 3*t - n*t - c. Calculate the remainder when t is divided by 18.
16
Let q be ((-39)/(-65))/(1/10). Suppose 3*k - 30 = q*k + 3*t, 0 = -2*k + 5*t - 13. Let o = 18 + k. Calculate the remainder when 42 is divided by o.
6
Suppose -3*j = 14 - 35. What is the remainder when 143 is divided by j?
3
Let v be 1 + (-7 + 4)/3. Suppose -3*f + v*f + 96 = 0. What is the remainder when f is divided by 11?
10
Suppose 115 + 143 = -6*x. Let b = x - -45. Suppose 0*d + 3*v + 14 = 5*d, 4*v = 2*d. Calculate the remainder when d is divided by b.
0
Suppose 0 = -4*p, 8 + 4 = 4*r + 5*p. Suppose 5*o = r*u - 38 - 100, -193 = -5*u - 4*o. What is the remainder when u is divided by 11?
8
Let w = 17 + -62. Let g(r) = 5*r**2 + 5*r + 5. Calculate the remainder when g(-4) is divided by (-7)/14*(w + 1).
21
Suppose 0 = -4*v + 7*v - 87. Let q = -27 + v. Suppose -46 = -q*o + 18. What is the remainder when o is divided by 11?
10
Suppose -3*p - 2*t - 106 = -275, 5*t = 5*p - 315. What is the remainder when p is divided by 34?
25
Suppose 6*j - 40 - 20 = 0. Suppose -5*h + 2*u = 1 - 50, u - 25 = -3*h. What is the remainder when h is divided by 3*j*(-1)/(-6)?
4
Suppose 4*l + 1 = r, 3*l + 4 = l + 4*r. Suppose 2*y + y - 96 = l. What is the remainder when 95 is divided by y?
31
Let y(r) = -2*r - 30. Let w be y(-15). Suppose 0 = 5*a + 3*f - 217, -3*f + 12 = -w*f. What is the remainder when a is divided by 11?
8
Let h be 2 - -265 - 9/(-3). Suppose 0 = 2*d - 4*q - 57 - 63, 5*d - h = -5*q. What is the remainder when d + 3/((-9)/(-6)) is divided by 15?
13
Let q(d) = d. Let t be q(2). Calculate the remainder when (-2)/(-4)*(t - -116) is divided by (-5 - 150/(-5)) + -5.
19
Suppose 0*m - 62 = -2*m. What is the remainder when m is divided by ((-26)/39)/((-1)/(66/4))?
9
Let h = 48 - 30. Suppose k - 4 - h = 0. What is the 